alculate the remainder when s is divided by 19.
14
Suppose 0*f = f - 2. Suppose -1 = -3*s - 3*o + 17, f*s - 14 = -o. Calculate the remainder when 14 is divided by s.
6
Suppose 0 = -5*l + 2*a + 62, -3*a + 82 = 6*l - l. Calculate the remainder when 54 is divided by l.
12
Let g(u) = 7*u + u**2 - u - 2*u**2 + 9 + 2*u. What is the remainder when g(8) is divided by 6?
3
Suppose 3*t - 12 = -0. Suppose -5*j - 33 = -k, -t*k + 2*j = -3*j - 162. Calculate the remainder when k is divided by 9.
7
Let f = 42 - 41. What is the remainder when f is divided by 1?
0
Let v = -4 + 6. Calculate the remainder when 9 is divided by v.
1
Suppose 0*n - 2*n = -126. Suppose -6 = -3*m + 5*b + 24, 5*m - 4*b - n = 0. Let u = 60 + -31. What is the remainder when u is divided by m?
14
Suppose 0 = -2*m - 1 + 11. Let l = m - 2. Suppose o = l*o - 40. Calculate the remainder when o is divided by 11.
9
Let o = -8 - -13. Let w(h) = -2*h**2 + 0*h + 3*h**2 + 5 + 3*h. What is the remainder when w(-4) is divided by o?
4
Suppose 0 = 4*d + 12*d - 80. Calculate the remainder when 33 is divided by d.
3
Suppose -92 = -3*z + r + 53, 205 = 4*z + r. Calculate the remainder when z is divided by 1/((-9)/(-78))*3.
24
Calculate the remainder when 153/5 + (-2)/(-5) is divided by (-23)/(-2) + 3/(-6).
9
Let n = -42 - -86. Calculate the remainder when 127 is divided by n.
39
Suppose 0 = 5*z - 36 - 29. What is the remainder when z is divided by 7?
6
Let d(w) = 5*w + 1. Suppose -4*x + 36 + 96 = 4*s, s = -3*x + 37. Calculate the remainder when s is divided by d(2).
9
Let z(b) = -b**3 + 3*b**2 + 3*b + 1. What is the remainder when 53 is divided by z(-2)?
8
What is the remainder when 39 is divided by 4/(-10) + 2/5 - -4?
3
Suppose -3*l = -2*l - 11. Suppose 0 = 4*m - 1 + 13, 5*g + 2*m = 9. Suppose -g*z = 5 - 23. What is the remainder when l is divided by z?
5
Suppose 0*r = 3*r - 18. Suppose 5*w = -4*c + r, -8 = -c + 5*w + 6. What is the remainder when 6 is divided by c?
2
Suppose 4*m - 24 = -4*d, -5*d + 3*m + 26 = 6*m. Calculate the remainder when 14 is divided by d.
2
Suppose 5*u + 5*m = 125, 0 = -2*u + 2*m + 19 + 11. Suppose -8 = -5*g + 3*d + u, -g = d - 12. Calculate the remainder when 15 is divided by g.
7
Suppose k + 2*k = 5*w - 571, w = -2*k + 109. What is the remainder when w is divided by 19?
18
Calculate the remainder when 42 is divided by (2 + 1 - 4)*-22.
20
Suppose 3*h + 2 = 2*t, -2*t + 3*h = -6*t + 22. Let j = -4 + 5. Calculate the remainder when t is divided by j.
0
Let i = -168 - -202. What is the remainder when i is divided by 6?
4
Let a(q) = -13*q. Calculate the remainder when a(-1) is divided by 7.
6
Let h = -32 + 54. Suppose -2 - 4 = -u. What is the remainder when h is divided by u?
4
Suppose 0 = -3*b + 13 + 20. Suppose -2*z + 6*z - 3*o - b = 0, 5*z + 2*o = 31. Calculate the remainder when 19 is divided by z.
4
What is the remainder when 11 - -2 - -1*2 is divided by (12/8)/(9/48)?
7
Suppose 2*b = -b - 18. What is the remainder when 15 is divided by b/12*3*-4?
3
Let x = 7 + -3. Let r(t) = -2*t + 7. Let z be r(8). What is the remainder when (-51)/z*3 - 3 is divided by x?
2
Let a(l) = -8*l - 1. Let y(o) = 25*o + 3. Let g(i) = 7*a(i) + 2*y(i). Calculate the remainder when 31 is divided by g(-2).
9
Suppose -72 = 2*t - 3*t. Let f be (17 + 6)/(-1 - 0). Let c = t + f. Calculate the remainder when c is divided by 17.
15
Suppose -13*c + 187 = -60. What is the remainder when (-38 + (-2 - -4))/(-1) is divided by c?
17
Suppose -5*d - 3*o + 63 = 0, 3*o - o - 37 = -3*d. What is the remainder when 117 is divided by d?
12
Suppose 7*a - 4*a + 1434 = 0. Let y = a + 216. What is the remainder when (-6)/(-21) + y/(-14) is divided by 5?
4
Let k(j) = 2*j**2 + 3*j + 2. What is the remainder when 107 is divided by k(-4)?
19
Let g = 37 + -61. Calculate the remainder when (g/9)/((-2)/18) is divided by 13.
11
Calculate the remainder when 6 is divided by -4 - (-1)/(((-2)/(-18))/1).
1
Suppose -24 = -23*q + 22*q. Calculate the remainder when q is divided by 14.
10
Suppose -3*v - 3*q + 12 = -18, v = 4*q - 15. Suppose 5*j = 2*l - 13, -5*j = v*l - 3*j - 47. Calculate the remainder when l is divided by 5.
4
Let x(j) = -j + 1. What is the remainder when 19 is divided by x(-6)?
5
Suppose -4*l - 6 = -22. Suppose 6*j = l*j + 4. What is the remainder when j is divided by 2?
0
Suppose 0 = -4*q + 1 + 47. What is the remainder when 46 is divided by q?
10
Suppose 4*o - 12 = o. Suppose -2*i + o*d + 30 = 0, 3*i + d - 25 = 2*d. Calculate the remainder when i is divided by 4.
3
Let l(k) = -k**3 + 5*k**2 + 4. Let c be l(5). Suppose -c*g = -0*g - 24. What is the remainder when 10 is divided by g?
4
Let b = 40 - 24. Let s be (-4)/(-2)*b/(-4). Let r(q) = q**3 + 9*q**2 + 7*q - 6. What is the remainder when r(s) is divided by 2?
0
Suppose z = 64 + 21. Let f = -44 + z. What is the remainder when f is divided by 14?
13
Let n = 0 + 49. What is the remainder when n is divided by 13?
10
Suppose -23 = 3*v - 4*v. Let c = 38 + -36. Suppose c*u + 5*r = 4, 0 = -9*u + 4*u + 5*r + 80. What is the remainder when v is divided by u?
11
Let u(i) = -2 - 3*i + 2*i + i**2 - 4. Let f be u(-6). Let n = f - 22. What is the remainder when n is divided by 8?
6
Calculate the remainder when -3 + 1/(1/12) is divided by 4.
1
Let j be 12 + -4 - 4/2. Suppose j*g - g = 155. Let l(b) = b**3 - 9*b**2 + 9*b + 3. Calculate the remainder when g is divided by l(8).
9
Suppose -6*p + 5*j + 108 = -2*p, 0 = -2*p - 5*j + 54. Let g(z) = z**2 + 12*z - 3. Calculate the remainder when p is divided by g(-13).
7
Suppose -104 = -2*a + 20. What is the remainder when a is divided by 16?
14
Let s(p) = 3*p + 9. What is the remainder when s(8) is divided by 17?
16
Suppose 91 = -14*y + 623. Calculate the remainder when y is divided by 10.
8
Let h = 88 + -58. What is the remainder when 59 is divided by h?
29
Let n(y) = -y + 5. Let j be n(0). Calculate the remainder when 39 is divided by 4/(j - 3)*7.
11
Suppose -2*x + 8*x - 612 = 0. Calculate the remainder when x is divided by 52.
50
Suppose -3*a = 3*g + 51, -a = 3*a - 3*g + 89. Let i = 0 + a. Calculate the remainder when 26 is divided by 2/10 - 176/i.
8
Suppose 7*d = d + 18. Calculate the remainder when 13 is divided by d.
1
Suppose -2*k - 36 = f + 70, 338 = -3*f - 2*k. Calculate the remainder when 44 is divided by f/(-5) + (-7)/35.
21
What is the remainder when 23 is divided by (-1)/(-1*(-4)/(-24))?
5
Calculate the remainder when 39 is divided by 7/(-14) + (-42)/(-4).
9
Suppose -24 = -3*x + 3*u, -2*u + 42 = 5*x - 5*u. Suppose -6*m + 3*m + x = 0. Calculate the remainder when (0 + 1)/((-2)/(-16)) is divided by m.
2
Suppose -7*z = -3*z - 228. Let k(q) = q**2 - 2*q + 7. Calculate the remainder when z is divided by k(4).
12
Let o(i) = -i**3 - 6*i**2 - 4*i + 1. Let q be o(-4). Calculate the remainder when 25 is divided by (-70)/q*6/2.
11
Suppose -3*f + 46 = j, 5*j = -0*f - 3*f + 38. What is the remainder when 30 is divided by f?
14
Suppose 0*j - 4*j - 3*n + 162 = 0, 176 = 4*j - 4*n. Calculate the remainder when 207 is divided by j.
39
Let k(q) = 34*q**2 + q - 1. What is the remainder when k(1) is divided by (-290)/(-25) + 2/5?
10
Let i(p) = p + 18. What is the remainder when 52 is divided by i(0)?
16
Let i(d) = -6*d**3 - 2*d**2 + d - 1. Calculate the remainder when i(-2) is divided by 6.
1
Suppose -5*a = -4*v - 32, 3*a + 24 = -3*v - 2*a. Calculate the remainder when 3/((v/(-6))/4) is divided by 5.
4
Let n = 5 - 2. Let y(d) = 3*d**2 + 2*d. Calculate the remainder when y(n) is divided by 17.
16
Let b be ((-618)/(-3))/(1 - -1). Suppose 0 = 3*k - 8 - b. What is the remainder when k is divided by 13?
11
Let u = 6 - 0. Let g(s) = -2*s - 2. Calculate the remainder when u is divided by g(-3).
2
Suppose 5*n + 0*v = 3*v + 30, 0 = -4*v - 20. Suppose -n*j + 78 = 21. What is the remainder when (-2)/(-4)*74 + -1 is divided by j?
17
Suppose 9 = -3*n, 66 = 3*p - 2*n - 2*n. What is the remainder when 43 is divided by p?
7
Let u(q) = -q**2 + 9*q. What is the remainder when 39 is divided by u(4)?
19
Let m(y) = -y**3 + 2*y**2 - 5*y - 6. What is the remainder when m(-4) is divided by 16?
14
Let w = 70 + -33. Calculate the remainder when w is divided by 20.
17
Let q(c) = -c**3 + 2*c**2 + 3*c - 3. Let l be q(6). Calculate the remainder when (-2)/(-4) - l/6 is divided by 6